**2. Let r = -9 - -3. Give i(r).
-4
Let g = 10 + -5. Suppose -r - 4 = a, -g*r = a - r + 19. Let s(b) = -3 - 4*b + 0 + a - 2 + b**2. Calculate s(3).
-7
Let p(g) = -9*g**2 + g + 10. Let i(l) = 5*l**2 - l - 5. Let t(q) = -7*i(q) - 4*p(q). Let v(x) = 6*x**2 + 14*x - 25. Let k(y) = 11*t(y) - 2*v(y). What is k(4)?
-1
Let v(h) = -h**3 + 8*h**2 + 2*h - 11. Let p be v(8). Let f(j) = -j. Determine f(p).
-5
Suppose 0 = -f + 3*r - 2, 2*f = r + 3 + 3. Suppose -2 = 2*v + f. Let y(z) be the third derivative of -z**6/120 - z**5/15 - z**4/8 - z**3/2 + 5*z**2. Give y(v).
-3
Let g be 14/18 + (-4)/(-18). Let c(z) = 0*z + g - 2 - z**3 + 3*z. Calculate c(2).
-3
Let m(b) = b + 13. Let c(u) = 4. Let w(p) = 7*c(p) - 2*m(p). Let l(v) = -v**2 + 8*v - 1. Let f be l(8). Let i = 1 - f. Give w(i).
-2
Let m(s) = -2*s + 4. Suppose 3*r + 2*i - 3 = -13, 3*r + 26 = 2*i. Let o be 60/5*(-2)/r. Calculate m(o).
-4
Let z(o) be the second derivative of -o**5/20 + o**4/3 + o**3/3 + o**2 + 2*o. Suppose -3*k + 0*n + n + 9 = 0, k - n = 1. Determine z(k).
10
Let i(u) = -u**3 + 2*u**2 + 4*u - 3. Suppose -2*p - 4*l + 2 = -4*p, 2*l + 11 = 5*p. Determine i(p).
0
Suppose 5*i - 2*i = 0. Let k(o) = -o**2 - o. What is k(i)?
0
Let r = 5 + -1. Let h(c) be the third derivative of 0*c + 1/2*c**3 + 5/24*c**r + 0 + 1/30*c**5 + 2*c**2. What is h(-3)?
6
Let v(k) be the second derivative of -7*k**6/120 - k**5/30 + k**3/6 - 3*k**2/2 - 2*k. Let s(f) be the first derivative of v(f). What is s(-1)?
6
Let t = 699 + -41939/60. Let c(p) be the third derivative of 0*p**3 + t*p**5 + 0 + p**2 + 0*p**4 + 0*p. Give c(-2).
4
Let i = 7 - 4. Suppose 0 = 4*y + 12, v + 3 = -v - 3*y. Let o(u) = 0 - 3 + i - v*u. Give o(1).
-3
Suppose c = -5*m + 23, 6 = 2*c - 0*c. Suppose 4*o = 3*o. Let h(x) = o*x - x**3 + 3*x**2 + 1 + x**2 - x. Give h(m).
-3
Suppose 5*u + 2 + 3 = 0. Let m(w) = w**3 + 2*w**2 - 3*w - 3. Let b be m(-2). Let d(i) = 0*i**b + 3 - 2 - 5*i**3. Give d(u).
6
Let n(o) = o - 4*o - 6*o**2 + 1 - 5 - o**3 - 3*o. Let r be (-14)/((-1 + 0)*-1). Let q = r - -9. Calculate n(q).
1
Suppose 0 - 10 = -5*j. Let g(q) = 6*q - 1 + 4*q**j + q - 6*q - 2*q. Let f(r) = -r**2 - 4*r - 4. Let a be f(-3). Give g(a).
4
Let g(k) = 10*k - 60. Let t be g(6). Let w(l) = -l**2 + l - 6. Calculate w(t).
-6
Let i(w) = -w**2 + 2*w - 1. Let p be i(5). Let m be (2/(-4))/(4/p). Suppose -2 = 2*l - m*a, -4*l - a = 3*a + 28. Let d(n) = n**2 + 6*n + 3. Give d(l).
-5
Let w be ((-1)/3)/((-6)/(-36)). Let y(l) = -l + 2. Let z(j) = -1. Let o(t) = -3*y(t) - 6*z(t). Calculate o(w).
-6
Let r(u) = -u**3 - 5*u**2 - 3*u + 1. Suppose t = 3*t + 8. What is r(t)?
-3
Let h(w) = 2*w**3 + 20*w - 3*w**3 - 7*w + 7 - w**2 - 11*w**2. What is h(-13)?
7
Suppose z + 3*z = -2*l + 16, 5*z + 5*l - 10 = 0. Let s(q) = q**3 - 5*q**2 - 3*q - 3. What is s(z)?
15
Suppose 15 = y + 2*n, 0 = -2*y - 2*y + n + 60. Suppose -2*v = v + y. Let k(c) = -2*c + c + 2*c + 1. What is k(v)?
-4
Suppose -2*p = -4*c - 4, 0*c + c - p = -1. Let o(s) = s**3 - 1 - 2 + 2. Let f(q) = -9*q**3 - q**2 + 6. Let l(n) = f(n) + 6*o(n). Calculate l(c).
2
Let y(q) = -q - 5. Let j(z) = -z - 17. Let d be j(-10). Calculate y(d).
2
Let y(a) be the first derivative of a**3 + a**2 + 13. Calculate y(2).
16
Let c(r) = -r**2 + 4*r - 3. Let b(x) = x + 1. Let j(z) = 2*b(z) + c(z). Give j(4).
7
Let k(q) be the first derivative of -q**7/168 - q**5/120 - q**4/24 + 8*q**3/3 - 9. Let y(j) be the third derivative of k(j). Give y(-1).
5
Let d(q) = -2*q + 4. Let z(g) = 2*g - 3. Let x(n) = 5*d(n) + 6*z(n). Give x(-7).
-12
Let s(d) be the second derivative of -5*d**4/12 - d**2/2 - 2*d. Let p be (-1 + 2)/(1/(-4)). Let z = p - -3. Give s(z).
-6
Suppose 0 = 3*b + f + 2*f + 30, 4*b + 40 = -2*f. Let l(j) = -j + 1. Give l(b).
11
Let t(b) be the third derivative of b**5/15 + b**3/6 - 32*b**2. Suppose 4*d - 6 = 2*k - 4*k, -2*k = -2. Give t(d).
5
Let s(i) = 6*i + 1. Let b(v) be the third derivative of -v**4/24 - v**3/6 - 2*v**2. Let r(w) = -5*b(w) - s(w). Let m be r(3). Let k(d) = d. Determine k(m).
1
Let x = -2 - -1. Let c be (-1 - -2)/(x - -2). Let r(n) = 2 + 1 - 3 - 2*n + c. Calculate r(3).
-5
Let i(p) = -p**2 - 6*p + 2. Let o be i(-6). Let w(t) = -t**2. Give w(o).
-4
Let k(n) = n**2 - 5*n + 3. Let j(r) = r**3 - 4*r**2 + 2*r + 2. Let x be j(4). Let d(l) = -l**2 + 8*l - 6. Let z be d(8). Let t = x + z. What is k(t)?
-1
Suppose -6 = -3*d - 3. Let z(i) = -9*i + 6. Let g = -10 + 5. Let w(k) = -8*k + 5. Let c(x) = g*w(x) + 4*z(x). What is c(d)?
3
Let l(g) = -g - 9. Let k be l(-18). Let s(v) = -v - 4. Determine s(k).
-13
Let u(c) = -2 + 3*c - 3*c + 2*c - 3*c**2 + 3*c. Suppose -3*k = -7 - 2. Determine u(k).
-14
Let o = 442 + -444. Let u(v) be the first derivative of v**3/3 - 1. Give u(o).
4
Let r(i) = -i**2 + i. Let f = 4 - -4. Suppose 0 = 4*l - f. What is r(l)?
-2
Let w(n) be the first derivative of 0*n - 1/120*n**5 - 1 + 0*n**2 - 1/24*n**4 + 1/3*n**3. Let t(y) be the third derivative of w(y). Determine t(4).
-5
Let t(f) = f**2 + 6*f - 6. Let q be t(-6). Suppose -4 = 4*j - 5*j. Let x = j + q. Let i(o) = -o**3 - 2*o**2 - o + 1. Determine i(x).
3
Let r(n) = 3*n + 13. Let f be r(-6). Let g(m) = -m**3 - 6*m**2 - 7*m - 3. Give g(f).
7
Let x(s) be the second derivative of -s**3/6 - 2*s**2 - 21*s. Give x(-4).
0
Let l(a) = 2*a**2 - 4*a - 4. Let s(r) = -2*r**2 + 3*r + 5. Let i(m) = -4*l(m) - 3*s(m). Calculate i(5).
-14
Let m(a) = -4*a**2 - 12*a - 2. Let b(k) = 3*k**2 + 8*k + 1. Let q(l) = 7*b(l) + 5*m(l). Suppose 0 = 5*j - 23 - 2. Suppose -17 - 8 = -j*z. What is q(z)?
2
Let l(h) = -6*h**3 + 1. Let t = -2 - -1. Let r be -4*t/2 + -1. What is l(r)?
-5
Let j(r) be the third derivative of -7*r**4/24 + r**3/2 - r**2 + 3. Determine j(2).
-11
Let o(j) = -j**2 + 3*j - 4. Suppose -3*m = c - 6*m - 3, 12 = 4*c + 4*m. Calculate o(c).
-4
Suppose 0 = 6*g - 4*g. Let a(x) = x**2 + x + 13. Determine a(g).
13
Suppose -15 + 16 = 3*h + 4*o, 33 = -5*h + 2*o. Let t(s) = -2 + 8 - s**2 - 4*s - 2*s. Calculate t(h).
11
Let k(b) be the second derivative of b**5/20 - b**4/6 - b**3/2 - b**2/2 + 2*b. Suppose -4*s = -s - 6. Let j be (s - -1)/(1/1). What is k(j)?
-1
Let s(y) = y + 495 - 248 - 250. Determine s(7).
4
Suppose -4*j + 2 - 14 = 0. Let n(w) = -w**2 - 3*w. Let h(d) = -2*d**2 - 4*d + 1. Let u(k) = j*n(k) + 2*h(k). Calculate u(-2).
-4
Let h(u) = -u**2 - 10*u - 9. Let j be h(-8). Let y be (j - 9)*(-3)/(-2). Let x(o) = -o**3 - 5*o**2 - 2*o + 2. Give x(y).
-10
Let x(q) be the third derivative of q**5/60 - q**4/8 - 5*q**3/6 - 3*q**2. Give x(5).
5
Let a(h) = 6*h + 10. Let g be 7*((-3 - -1) + 3). Let s(d) = -5*d - 10. Let f(l) = g*s(l) + 6*a(l). Determine f(6).
-4
Let p(k) = 17 - 3*k + 2*k - 11. Calculate p(8).
-2
Let t(r) be the third derivative of -r**9/60480 - r**8/20160 + 7*r**6/720 - r**5/60 - r**2. Let v(d) be the third derivative of t(d). Determine v(0).
7
Let w be -2 - ((2 - -1) + -1). Let n(s) = -s - 1. Let m(t) = -1. Let a(u) = 4*m(u) - n(u). Give a(w).
-7
Suppose 0 = 2*r - r - 3. Let b = 3 - r. Suppose 5*m - z + 11 = b, 4*z + z = -m + 3. Let y(n) = -n**2 - 2*n - 2. What is y(m)?
-2
Suppose 2 = 3*j - j. Let a(h) = 11*h - 1. Calculate a(j).
10
Let p be (-2 + 2/7)*-7. Let f = 7 - p. Let u(t) = 7*t**2 + 10*t - 1. Let s(i) = -11*i**2 - 15*i + 1. Let k(y) = 5*s(y) + 8*u(y). Determine k(f).
-3
Suppose 3*g + 5*h + 16 = 0, -5*h + 2 = -5*g - h. Let i be g + (-3)/(-6)*14. Suppose -a = i*k + 7, 17 = 5*a + 3*k - 4*k. Let c(m) = -m - 4. Give c(a).
-7
Let t(m) = m**3 + 4*m**2 - m - 1. Let b = -2 - -5. Suppose 3*p + 5*a = -2, -2*a - b*a = -2*p + 32. Suppose -p*x - 4 = -5*x. Give t(x).
3
Suppose -3*a - 7 = -1. Suppose 3*r = 5*l - 10, 4*r - r - 4 = -2*l. Let p(d) = -4*d**2 + 2*d**l + 3*d**2. Calculate p(a).
4
Let n(o) = o**3 + 6*o**2 - 2*o - 2. Let q(d) be the first derivative of -d**4/4 - 7*d**3/3 + d**2 + 3*d + 2. Let j(w) = -5*n(w) - 4*q(w). Determine j(-3).
1
Suppose -f + 16 = 4*i, 3 = 5*f - 17. Suppose 4*u = i*u - 5. Let p(y) = y**3 + 6*y**2 + 6*y - 5. What is p(u)?
-10
Let k(b) be the third derivative of -b**5/15 - b**4/12 + 3*b**2. Calculate k(-2).
-12
Let n(y) = -y + 1. Let i = 10 + -6. Let r(g) = 2 + i + 0 - 7*g. Let d(k) = -6*n(k) + r(k). Calculate d(0).
0
Let k(x) = x**2 - 6*x - 1. Let p(y) = y**3 + 10*y**2 + 9*y + 7. Let m be p(-9). Give k(m).
6
Let r(s) = -2*s**3 - 2*s**2 + 2*s. Let g(y) 